er when 31 is divided by 11.
9
Calculate the remainder when 395 is divided by 358.
37
Calculate the remainder when 218 is divided by 34.
14
Calculate the remainder when 925 is divided by 58.
55
What is the remainder when 89 is divided by 24?
17
Calculate the remainder when 1538 is divided by 87.
59
Calculate the remainder when 727 is divided by 146.
143
What is the remainder when 180 is divided by 13?
11
Calculate the remainder when 661 is divided by 17.
15
What is the remainder when 98 is divided by 26?
20
Calculate the remainder when 176 is divided by 41.
12
What is the remainder when 2559 is divided by 4?
3
Calculate the remainder when 1214 is divided by 6.
2
Calculate the remainder when 308 is divided by 12.
8
Calculate the remainder when 106 is divided by 56.
50
Calculate the remainder when 2085 is divided by 2077.
8
What is the remainder when 1308 is divided by 22?
10
What is the remainder when 814 is divided by 269?
7
What is the remainder when 209 is divided by 67?
8
Calculate the remainder when 58403 is divided by 58.
55
What is the remainder when 100 is divided by 52?
48
Calculate the remainder when 87 is divided by 10.
7
Calculate the remainder when 103 is divided by 15.
13
Calculate the remainder when 1281 is divided by 261.
237
What is the remainder when 168 is divided by 44?
36
What is the remainder when 1195 is divided by 57?
55
What is the remainder when 1366 is divided by 1361?
5
Calculate the remainder when 3174 is divided by 212.
206
What is the remainder when 41 is divided by 24?
17
Calculate the remainder when 159 is divided by 72.
15
Calculate the remainder when 147 is divided by 74.
73
Calculate the remainder when 134 is divided by 42.
8
What is the remainder when 121 is divided by 68?
53
What is the remainder when 217 is divided by 17?
13
Calculate the remainder when 1901 is divided by 7.
4
Calculate the remainder when 2856 is divided by 236.
24
Calculate the remainder when 1888 is divided by 25.
13
Calculate the remainder when 1539 is divided by 35.
34
Calculate the remainder when 724 is divided by 33.
31
Calculate the remainder when 98 is divided by 29.
11
What is the remainder when 55 is divided by 12?
7
What is the remainder when 586 is divided by 43?
27
What is the remainder when 1838 is divided by 97?
92
Calculate the remainder when 1518 is divided by 169.
166
Calculate the remainder when 77 is divided by 22.
11
What is the remainder when 5002 is divided by 77?
74
Calculate the remainder when 388 is divided by 65.
63
Calculate the remainder when 164 is divided by 39.
8
What is the remainder when 3492 is divided by 15?
12
What is the remainder when 8929 is divided by 22?
19
What is the remainder when 161 is divided by 79?
3
What is the remainder when 13127 is divided by 98?
93
What is the remainder when 166 is divided by 26?
10
Calculate the remainder when 1564 is divided by 43.
16
What is the remainder when 1702 is divided by 846?
10
What is the remainder when 1083 is divided by 219?
207
Calculate the remainder when 372 is divided by 372.
0
Calculate the remainder when 163 is divided by 13.
7
Calculate the remainder when 1067 is divided by 136.
115
What is the remainder when 630 is divided by 162?
144
What is the remainder when 143 is divided by 129?
14
Calculate the remainder when 274 is divided by 7.
1
What is the remainder when 2297 is divided by 177?
173
Calculate the remainder when 50 is divided by 12.
2
Calculate the remainder when 229 is divided by 18.
13
What is the remainder when 123 is divided by 13?
6
Calculate the remainder when 292 is divided by 80.
52
Calculate the remainder when 137 is divided by 47.
43
What is the remainder when 2095 is divided by 9?
7
What is the remainder when 1746 is divided by 871?
4
What is the remainder when 665 is divided by 137?
117
Calculate the remainder when 355 is divided by 51.
49
What is the remainder when 2581 is divided by 18?
7
What is the remainder when 776 is divided by 41?
38
What is the remainder when 90 is divided by 30?
0
Calculate the remainder when 54242 is divided by 123.
122
Calculate the remainder when 89 is divided by 27.
8
Calculate the remainder when 802 is divided by 20.
2
Calculate the remainder when 803 is divided by 4.
3
What is the remainder when 4997 is divided by 20?
17
Calculate the remainder when 7578 is divided by 24.
18
Calculate the remainder when 110 is divided by 29.
23
Calculate the remainder when 887 is divided by 19.
13
Calculate the remainder when 55 is divided by 4.
3
What is the remainder when 372 is divided by 11?
9
What is the remainder when 418 is divided by 42?
40
Calculate the remainder when 15955 is divided by 5316.
7
Calculate the remainder when 6328 is divided by 351.
10
What is the remainder when 344 is divided by 44?
36
Calculate the remainder when 814 is divided by 291.
232
What is the remainder when 1305 is divided by 187?
183
What is the remainder when 382 is divided by 32?
30
What is the remainder when 8541 is divided by 48?
45
Calculate the remainder when 480 is divided by 19.
5
Calculate the remainder when 26829 is divided by 48.
45
Calculate the remainder when 16771 is divided by 14.
13
Calculate the remainder when 934 is divided by 36.
34
What is the remainder when 4260 is divided by 1413?
21
Calculate the remainder when 259 is divided by 26.
25
Calculate the remainder when 692 is divided by 137.
7
Calculate the remainder when 939 is divided by 2.
1
What is the remainder when 654 is divided by 73?
70
Calculate the remainder when 853 is divided by 78.
73
Calculate the remainder when 401 is divided by 13.
11
What is the remainder when 1574 is divided by 15?
14
What is the remainder when 2601 is divided by 25?
1
Calculate the remainder when 769 is divided by 264.
241
What is the remainder when 233 is divided by 36?
17
What is the remainder when 5 is divided by 4?
1
Calculate the remainder when 227 is divided by 46.
43
What is the remainder when 131 is divided by 88?
43
What is the remainder when 41 is divided by 38?
3
What is the remainder when 65 is divided by 22?
21
Calculate the remainder when 628 is divided by 55.
23
Calculate the remainder when 576 is divided by 58.
54
What is the remainder when 563 is divided by 32?
19
What is the remainder when 1420 is divided by 17?
9
What is the remainder when 15599 is divided by 195?
194
What is the remainder when 277 is divided by 32?
21
What is the remainder when 284 is divided by 51?
29
What is the remainder when 402 is divided by 32?
18
Calculate the remainder when 2008 is divided by 499.
12
What is the remainder when 126 is divided by 19?
12
Calculate the remainder when 276 is divided by 28.
24
Calculate the remainder when 14 is divided by 3.
2
Calculate the remainder when 449 is divided by 45.
44
Calculate the remainder when 989 is divided by 126.
107
Calculate the remainder when 468 is divided by 159.
150
What is the remainder when 217 is divided by 22?
19
Calculate the remainder when 1040 is divided by 21.
11
What is the remainder when 348 is divided by 10?
8
Calculate the remainder when 10010 is divided by 2001.
5
What is the remainder when 11359 is divided by 18?
1
What is the remainder when 9403 is divided by 19?
17
What is the remainder when 676 is divided by 137?
128
What is the remainder when 208 is divided by 95?
18
What is the remainder when 35 is divided by 16?
3
What is the remainder when 38 is divided by 20?
18
Calculate the remainder when 1087 is divided by 22.
9
What is the remainder when 868 is divided by 9?
4
Calculate the remainder when 440 is divided by 17.
15
What is the remainder when 39194 is divided by 13?
12
Calculate the remainder when 1733 is divided by 56.
53
What is the remainder when 158 is divided by 149?
9
Calculate the remainder when 173 is divided by 26.
17
What is the remainder when 132 is divided by 41?
9
What is the remainder when 1231 is divided by 103?
98
Calculate the remainder when 243 is divided by 77.
12
Calculate the remainder when 455 is divided by 49.
14
Calculate the remainder when 192 is divided by 39.
36
Calculate the remainder when 479 is divided by 208.
63
What is the remainder when 458 is divided by 9?
8
What is the remainder when 355 is divided by 45?
40
What is the remainder when 374 is divided by 71?
19
Calcul